 + -9.
8
8 + 11 + -38 + 11 - -3
-5
What is (-2 + 2 - (6 + -7 - 0)) + 0?
1
-3 - (-15 + 3) - (64 - 57)
2
What is the value of 63 + -12 + -22 - (-2 - (-1 - 1))?
29
-2 - ((16 - 19) + 4)
-3
(-7 - (5 + -11)) + -1
-2
927 + -907 - (14 - 0)
6
What is the value of 2 + -5 + (5 - 33 - -10)?
-21
Calculate (1 - (2 - 2)) + 17 + -13.
5
Calculate -17 + 0 + (-5 - -13) + 2.
-7
What is the value of -14 + (15 - 5) - -10?
6
Evaluate 17 + -21 + 28 + -13.
11
What is (15 - (8 - 3) - 8 - -1) + 5?
8
Calculate -5 - (-20 - ((8 - 16 - -8) + 4)).
19
Calculate (-9 + -5 - -23) + -10 + 16.
15
What is 16 + (-2 - -2) - (24 + 14 + -39)?
17
What is 4 + (-8 - -21) - 7 - 1?
9
Evaluate 20 + (-33 - (11 + -47)).
23
What is the value of 1 + 8 + (-4 - -8) + (55 - 54)?
14
Calculate -3 - -1 - ((20 - 2) + -3 + -4).
-13
What is the value of -5 + 0 + (15 - 14 - -11)?
7
Calculate (2 - (-5 - (6 - 5))) + -7.
1
Evaluate -37 - -24 - (0 - 5).
-8
Calculate -50 - (-27 - -11) - -55.
21
What is the value of 11 + 2 + -44 + 29?
-2
Calculate 14 + 0 + (-11 - (33 + -24)).
-6
What is -2 + 0 + 317 + -331 - 13?
-29
0 + -1 + -7 + -23 + 45
14
What is (0 + 4 + 1 + -9 - -6) + 0?
2
Evaluate 6 - (-33 + 41 + 2 + (1 - 19)).
14
What is 12 - (-12 - (30 - 63))?
-9
Evaluate (1 + 0 - -16) + 2969 + -2973.
13
Calculate (-220 - -218) + 2 + -6.
-6
7 - ((6 - -7) + 4) - -5 - 1
-6
6 + -13 + 3 + -12
-16
What is 70 - 67 - (5 + -4)?
2
-7 - (2 - (15 + -22))
-16
What is 16 + (13 - (12 + 24 + -18))?
11
What is -21 - (20 - 9 - 51)?
19
Calculate 14 + (-39 - (-12 - 5)) + (0 - -28).
20
(-1 - (0 + 0)) + (3 - 96 - -83)
-11
What is 0 + (-1 + 1 - (-49 - (-25 + 0)))?
24
What is (2 - 28) + -40 + 53?
-13
6 + (1 - 3) + (1 - -1)
6
What is -12 + 17 + (1 - 11)?
-5
Evaluate (-13 - -9) + -7 + 8 - (-2 - -10).
-11
Calculate (-3 - -1 - 1) + -4860 + 4859.
-4
Evaluate (-114 - -124) + -12 + 1 - -26.
25
(7 - 2) + 0 + 0 + 6 + -7
4
Calculate (51 - 56) + (-9 - 0) + 9.
-5
What is -9 - -29 - (-35 - -57)?
-2
What is (-10 - 1) + (-15 + 8 - -5)?
-13
What is -16 - (14 - (19 - 9))?
-20
Evaluate -1 - 8 - 21 - 3.
-33
36 - 20 - (28 - 24 - (3 + 7))
22
Evaluate -44 - (-7 + (-7 - 3 - -9) + -1).
-35
What is the value of -57 + 45 + 18 + -14 + 1?
-7
Evaluate -6 + (-6 - -18 - -1).
7
Calculate 5 - (-1 + 3 + 4 + -5 + 1).
3
(2 - 1) + -3 - -2 - (17 + -15)
-2
What is the value of 5 + -13 - (96 + -100)?
-4
-24 + (43 - 12) + -26
-19
What is the value of (-5 - -24) + -11 + (5 + 3 - 8)?
8
Calculate (-70 + 75 - (-1 - 8)) + -20.
-6
Calculate 5 - (0 + 11 - (-152 + 165)).
7
What is (7 + -2 - 2) + -1 - (62 + -58)?
-2
Calculate 9 + -12 + (4 - -1) - (4 + -3).
1
What is -7 + (3 - (-8 - (7 + -4 + 7)))?
14
-3 - (12 + 35 + -68)
18
Evaluate -22 + (24 - -10) + (-2 - -1).
11
What is -1 + (-5 + 5 - -4 - (15 + -13))?
1
What is the value of 6 + 9 + -18 - -11?
8
Calculate (-1 - -2) + (-14 - (5 + -19 + 4)).
-3
Calculate -2 - -3 - (29 + (-25 - -5 - -6)).
-14
(5 + -2 - ((-5 - -4) + 0)) + 7
11
215 + -221 + (2 - 9)
-13
What is 34 - 1 - (18 - (-27 + 33))?
21
Calculate 9 + (1 - (-7 + 2 - -6)).
9
What is the value of 5 + (170 + -166 - (0 + 3))?
6
Calculate (7 - (6 + 18 + -13)) + 0 + -4.
-8
Calculate -58 + 56 + (1 - -2).
1
Evaluate (2 - (23 - 2)) + -136 + 145.
-10
What is the value of 17 + (1 + 17 - 27)?
8
What is -1 - (-4 - 3 - (-9 + (7 - -1)))?
5
(6 - 6) + (8 - 11)
-3
5 - (-2 - 4 - (-44 + 46))
13
What is 2 + 11 + -27 + 31 + -16?
1
3 + 12 + -5 + 16 + -15
11
What is 1 + 20 - (59 + -20 + -34)?
16
What is 24 + 7 + (-22 - -14)?
23
Calculate (-5 + 32 - (4 - 3)) + -2 + -3.
21
Evaluate 41 + -6 - -9 - 10 - 7.
27
What is the value of (20 - (15 + 6)) + 11?
10
Evaluate -9 + (9 - (-1 + 14) - -21).
8
Evaluate (11 - 9) + -19 + 1 + (2 - 7).
-21
Calculate 7 - (13 - 9) - 3.
0
What is the value of (11 + 24 - 10) + -26?
-1
6 + -6 + (44 - 38 - (2 + 1))
3
Evaluate (32 - 74) + 27 - (13 + -3).
-25
What is the value of -1 - (29 - 18 - 0)?
-12
-6 + -1 + -3 + (2 - (5 + -9))
-4
Evaluate (6 - (14 + (11 - 18))) + -7 + -1.
-9
Evaluate (9 - 24 - -15 - -7) + -14.
-7
Calculate -3 + -1 - ((30 - 35) + (1 - -2)).
-2
Evaluate 40 + -1 + -45 - (1 + 5 + 0).
-12
What is the value of 2 - (-7 + -6 + 7 + 17)?
-9
What is 1 + -8 + (-210 - -212)?
-5
What is the value of -18 + 0 + -37 + 51?
-4
Evaluate -17 + (-17 - (-32 + 31)).
-33
Calculate 150 - 158 - ((-5 + 2 - 8) + -1).
4
Calculate -3 + (-26 - (-40 + 11)).
0
-4 + 4 + -4 - (1 - -3)
-8
What is the value of (22 + -22 - 0) + 1 + 4?
5
What is 3 - ((-9 - -1 - -6) + 2)?
3
What is the value of 31 - 3 - (41 - -6)?
-19
Evaluate -40 + 1 + 20 + 6.
-13
What is the value of (95 - 95 - (-1 + -6)) + -1 + 5?
11
What is the value of -3 + (-3 - -5) + 2 - -5?
6
What is -18 + 8 - (-1 + 0 - 8)?
-1
What is (-3 - ((18 - -2) + -4)) + 3 + 2?
-14
-27 - (25 + (-61 - -29))
-20
Evaluate (8 - -14) + -26 - (8 + -4 + -30).
22
1 + -15 - (5 - 4)
-15
Calculate -15 - (-25 - -1) - 6.
3
Evaluate 4 - (-2 + 22) - (-90 - -85).
-11
What is the value of 20 + -1 + -8 + -1?
10
Calculate 0 - (-4 + -6 - -14).
-4
Evaluate 2 + -15 + (14 - -3) + 4.
8
What is the value of 1 + -4 - (-2 + 7 + -4 + -4)?
0
What is 13 + -2 + -6 + 5 + 8?
18
What is the value of -18 + 4 - (13 + -25)?
-2
Evaluate -16 + (9 - -21) - (1 - 9).
22
Calculate 3 + 2 + 21 + -14 + -2 + -25.
-15
-36 + (-5 - (10 + -4)) + 22 + 0
-25
Evaluate (-11 + 10 - (-2 + 7)) + (8 - 13).
-11
What is -1 - (-42 - (-40 - -11))?
12
What is 1 + (-9 - -6) + 10 + 0?
8
7 - (-13 + (9 - -18))
-7
What is the value of -18 + 11 + -5 + (0 - -28)?
16
Calculate -14 + (10 - (-12 + -3 + 33)).
-22
What is the value of (1 - -1) + (62 - 73) + 33?
24
What is 0 + 1 + 12 + -9?
4
What is -8 + 18 + 22 + -22?
10
Evaluate -12 + (4 - (18 - 23 - 3)).
0
Evaluate -7 + 2 + (-9 - -5) + -2 + -6.
-17
Evaluate (10 - -5) + 0 + -15.
0
What is the value of -2 + 2 + 14 - (-18 + 9 + 10)?
13
Evaluate 8 - 24 - (-2 + (1 - 6)) - 8.
-17
Evaluate 3 - (1 - 2 - -8 - (-49 + 38)).
-15
Evaluate 3 - (-3 + -2 - (-16 + 10)).
2
Evaluate -1 + (-19 - -49) + -11.
18
What is -16 + -44 - -48 - 4?
-16
Calculate 1 + (-6 - 10) + -1 + 6.
-10
What is -98 + 27 + 61 + (-2 - (1 + 12))?
-25
-25 - (-17 + 7 - (-1 + -6))
-22
What is -19 + (-4 - -3 - -14) + 3 + -3?
-6
Evaluate -15 + (7 - (-6 - (-6 + -2))).
-10
Calculate (12 - 29) + 17 + 3 + -14.
-11
Evaluate -13 - (-34 + (-5 - -21)).
5
Evaluate (5 - 7) + 7 - ((-15 - -7) + 15).
-2
(-6 - -12 - 12) + (-3 - -1)
-8
-20 + (-12 - (1 + -23))
-10
Evaluate 14 - 23 - ((13 - 8) + -37).
23
Evaluate -1 - 8 - (-42 - -31).
2
What is the value of 9 + (3 - -1 - (-7 - -21))?
-1
Evaluate 13 + -39 + -1 - (4 + -1).
-30
Calculate (26 - 98) + 64 - (1 - -16).
-25
What is the value of 4 - 8 - -7 - (-1 + -1 + -2)?
7
0 - 3 - (78 - 88) - -4 - 10
1
18 - (6 + 0 - (-34 - -40))
18
What is -13 + 1 + (-36 + 57 - 39)?
-30
Calculate -10 - 1 - (5 + (-5 - -2)).
-13
Evaluate (7 - 1) + -6 + 1 + -3 + -17.
-19
16 - (21 + (-5 - 16))
16
Evaluate 27 + -70 + 9 + 10.
-24
Calculate (-1 + 0 - 2) + 5 - (48 + -43).
-3
Evaluate 28 + -15 - 6 - -5.
12
Evaluate -3 + 2 + 3 + -5 + 3.
0
Evaluate -33 - ((0 - 10) + -1 - -2) - -5.
-19
Evaluate 10 + -24 + (14 - 7).
-7
Evaluate -391 - -419 - (0 + -1 + 11).
18
What is 5 - -4 - (3 + (9 - 12)) - -10?
19
What is the value of 6 + (-10 - (-2 + -5))?
3
Calculate (-10 - (-12 - -6)) + (14 - 5).
5
Evaluate -3 + (9 - -1) + 2.
9
Evaluate 1 + 1 + -6 - (-52 + 46).
2
What is the value of (-8 - -22) + 4 - 6?
12
What is the value of (10 - 10) + 5 - (20 - (-6 + 0))?
-21
Evaluate (-17 - -12 - (-2 - 7)) + (-1 - 0).
3
What is the value of -1 + (-5 - 0) + (47 - 30) - 1?
10
Calculate 9 + -1 + (-15 - (1 + -11) - -7).
10
Calculate 16 - (-24 - -44) - (8 - 4).
-8
Calculate 25 - (-3 + -1) - (-2 + 15).
16
What is the value of -6 + 23 - (2 - -7) - (3 + 14)?
-9
Calculate 3 - (-11 - -2 - (30 + -51)).
-9
Evaluate 1 + -16 + 5 - (-1 + -17).
8
Calculate -4 - (8 + -9 + 3 + -11 + 13).
-8
Calculate -16 - (-6 + 20 - 25).
-5
12 + (-4 - -6) + -7 + 3 + -3
7
Calculate 7 + (5 + -7 - 7) - 2.
-4
(3 - (13 + -7)) + (7 + 3 - 2)
5
(7 - (22 + -18)) + -18 + 3
-12
Calculate -2 - 6 - (1 + (3 - -14) + 1).
-27
What is -11 - -2 - (-12 - (3 + -14 + 5))?
-3
6 + 19 + -25 + -10
-10
What is (21 + 12 + -6 + -2 - 6) + 0?
19
What is 28 + (10 - 18 - 6)?
14
Evaluate 7 - ((6 - (-2 - -4)) + -6).
9
Evaluate -11 + (-2 - -14) + (-16 - -5).
-10
Evaluate -134 + 125 + (-1 - 2 - -13).
1
(-5 - (-15 + -2 - (7 + -13)